ors of 1076?
2, 269
List the prime factors of 4138.
2, 2069
What are the prime factors of 41054?
2, 13, 1579
List the prime factors of 34290.
2, 3, 5, 127
List the prime factors of 5428.
2, 23, 59
List the prime factors of 74449.
74449
List the prime factors of 7685.
5, 29, 53
What are the prime factors of 2146?
2, 29, 37
List the prime factors of 5485.
5, 1097
What are the prime factors of 3076?
2, 769
List the prime factors of 13944.
2, 3, 7, 83
List the prime factors of 2210.
2, 5, 13, 17
What are the prime factors of 572?
2, 11, 13
What are the prime factors of 323?
17, 19
List the prime factors of 6055.
5, 7, 173
List the prime factors of 9265.
5, 17, 109
List the prime factors of 19268.
2, 4817
What are the prime factors of 97633?
89, 1097
What are the prime factors of 25302?
2, 3, 4217
What are the prime factors of 124504?
2, 79, 197
What are the prime factors of 24399?
3, 2711
List the prime factors of 753.
3, 251
What are the prime factors of 11043?
3, 409
List the prime factors of 54209.
151, 359
What are the prime factors of 81730?
2, 5, 11, 743
List the prime factors of 11421.
3, 47
What are the prime factors of 4335?
3, 5, 17
What are the prime factors of 12017?
61, 197
What are the prime factors of 2301?
3, 13, 59
List the prime factors of 3142.
2, 1571
What are the prime factors of 52973?
52973
List the prime factors of 4770.
2, 3, 5, 53
List the prime factors of 665.
5, 7, 19
What are the prime factors of 286?
2, 11, 13
What are the prime factors of 466?
2, 233
What are the prime factors of 6686?
2, 3343
What are the prime factors of 21608?
2, 37, 73
What are the prime factors of 75290?
2, 5, 7529
List the prime factors of 3872.
2, 11
What are the prime factors of 1621?
1621
What are the prime factors of 2361?
3, 787
List the prime factors of 18805.
5, 3761
List the prime factors of 12756.
2, 3, 1063
List the prime factors of 1974.
2, 3, 7, 47
List the prime factors of 3647.
7, 521
List the prime factors of 1250.
2, 5
List the prime factors of 89989.
89989
List the prime factors of 21467.
21467
What are the prime factors of 1328?
2, 83
What are the prime factors of 66506?
2, 11, 3023
What are the prime factors of 5184?
2, 3
What are the prime factors of 32109?
3, 7, 11, 139
What are the prime factors of 3549?
3, 7, 13
List the prime factors of 137.
137
List the prime factors of 6802.
2, 19, 179
List the prime factors of 334.
2, 167
List the prime factors of 4707.
3, 523
What are the prime factors of 5076?
2, 3, 47
What are the prime factors of 11141?
13, 857
What are the prime factors of 11689?
11689
What are the prime factors of 1055?
5, 211
What are the prime factors of 53121?
3, 17707
List the prime factors of 54079.
41, 1319
What are the prime factors of 665?
5, 7, 19
What are the prime factors of 1360?
2, 5, 17
What are the prime factors of 3084?
2, 3, 257
What are the prime factors of 2153?
2153
List the prime factors of 96579.
3, 7, 73
List the prime factors of 4283.
4283
What are the prime factors of 4863?
3, 1621
What are the prime factors of 50870?
2, 5, 5087
List the prime factors of 8682.
2, 3, 1447
What are the prime factors of 11517?
3, 11, 349
List the prime factors of 14429.
47, 307
List the prime factors of 35813.
59, 607
What are the prime factors of 43754?
2, 131, 167
List the prime factors of 4617.
3, 19
What are the prime factors of 2751?
3, 7, 131
List the prime factors of 16568.
2, 19, 109
List the prime factors of 169.
13
List the prime factors of 14842.
2, 41, 181
List the prime factors of 2297.
2297
What are the prime factors of 13923?
3, 7, 13, 17
List the prime factors of 24228.
2, 3, 673
List the prime factors of 84764.
2, 21191
What are the prime factors of 486?
2, 3
What are the prime factors of 5350?
2, 5, 107
What are the prime factors of 2074?
2, 17, 61
List the prime factors of 109250.
2, 5, 19, 23
List the prime factors of 1035.
3, 5, 23
List the prime factors of 4890.
2, 3, 5, 163
What are the prime factors of 1495?
5, 13, 23
List the prime factors of 4226.
2, 2113
What are the prime factors of 20851?
29, 719
What are the prime factors of 8402?
2, 4201
What are the prime factors of 1753?
1753
List the prime factors of 685.
5, 137
List the prime factors of 1731.
3, 577
List the prime factors of 16172.
2, 13, 311
What are the prime factors of 2130?
2, 3, 5, 71
List the prime factors of 21450.
2, 3, 5, 11, 13
What are the prime factors of 25974?
2, 3, 13, 37
What are the prime factors of 2651?
11, 241
List the prime factors of 49853.
49853
What are the prime factors of 7349?
7349
List the prime factors of 17297.
7, 353
List the prime factors of 2034.
2, 3, 113
List the prime factors of 31898.
2, 41, 389
List the prime factors of 3683.
29, 127
What are the prime factors of 82?
2, 41
List the prime factors of 5521.
5521
List the prime factors of 14811.
3, 4937
What are the prime factors of 10086?
2, 3, 41
List the prime factors of 34103.
67, 509
What are the prime factors of 1228?
2, 307
What are the prime factors of 10035?
3, 5, 223
What are the prime factors of 2973?
3, 991
What are the prime factors of 16836?
2, 3, 23, 61
What are the prime factors of 2525?
5, 101
List the prime factors of 144476.
2, 19, 1901
List the prime factors of 20169.
3, 83
List the prime factors of 12409.
12409
What are the prime factors of 721?
7, 103
What are the prime factors of 38477?
109, 353
What are the prime factors of 3025?
5, 11
What are the prime factors of 645?
3, 5, 43
List the prime factors of 78.
2, 3, 13
List the prime factors of 44822.
2, 73, 307
List the prime factors of 20953.
23, 911
What are the prime factors of 9356?
2, 2339
What are the prime factors of 46339?
149, 311
What are the prime factors of 175164?
2, 3, 11, 1327
What are the prime factors of 8853?
3, 13, 227
List the prime factors of 6187.
23, 269
What are the prime factors of 22614?
2, 3, 3769
List the prime factors of 21110.
2, 5, 2111
What are the prime factors of 2467?
2467
What are the prime factors of 23995?
5, 4799
List the prime factors of 101646.
2, 3, 5647
List the prime factors of 1068.
2, 3, 89
What are the prime factors of 104114?
2, 52057
What are the prime factors of 57878?
2, 43, 673
What are the prime factors of 3042?
2, 3, 13
List the prime factors of 14792.
2, 43
What are the prime factors of 36039?
3, 41, 293
List the prime factors of 12356.
2, 3089
List the prime factors of 1766.
2, 883
List the prime factors of 22812.
2, 3, 1901
What are the prime factors of 7188?
2, 3, 599
What are the prime factors of 1092?
2, 3, 7, 13
List the prime factors of 8832.
2, 3, 23
What are the prime factors of 1048?
2, 131
List the prime factors of 8697.
3, 13, 223
What are the prime factors of 9658?
2, 11, 439
List the prime factors of 34.
2, 17
What are the prime factors of 1369?
37
What are the prime factors of 10164?
2, 3, 7, 11
What are the prime factors of 9616?
2, 601
List the prime factors of 4695.
3, 5, 313
List the prime factors of 9255.
3, 5, 617
List the prime factors of 21909.
3, 67, 109
List the prime factors of 294.
2, 3, 7
List the prime factors of 287.
7, 41
What are the prime factors of 54477?
3, 6053
What are the prime factors of 3278?
2, 11, 149
What are the prime factors of 1296?
2, 3
List the prime factors of 2135.
5, 7, 61
List the prime factors of 23821.
7, 41, 83
What are the prime factors of 27091?
27091
List the prime factors of 80884.
2, 73, 277
List the prime factors of 2028.
2, 3, 13
What are the prime factors of 1681?
41
List the prime factors of 7605.
3, 5, 13
What are the prime factors of 63215?
5, 47, 269
List the prime factors of 70118.
2, 35059
List the prime factors of 49169.
49169
List the prime factors of 2320.
2, 5, 29
List the prime factors of 3088.
2, 193
What are the prime factors of 17431?
17431
What are the prime factors of 55233?
3, 17, 19
List the prime factors of 12918.
2, 3, 2153
List the prime factors of 5084.
2, 31, 41
What are the prime factors of 15921?
3, 29, 61
List the prime factors of 239.
239
List the prime factors of 1109.
1109
List the prime factors of 7250.
2, 5, 29
What are the prime factors of 17986?
2, 17, 23
List the prime factors of 12.
2, 3
List the prime factors of 7880.
2, 5, 197
What are the prime factors of 2392?
2, 13, 23
What are the prime factors of 23056?
2